6 and 2700?
108
What is the greatest common factor of 16896 and 1221?
33
Calculate the greatest common divisor of 3281 and 2123.
193
What is the greatest common divisor of 639729 and 36?
9
Calculate the highest common divisor of 4992 and 50752.
832
Calculate the highest common factor of 847 and 4278197.
847
What is the highest common divisor of 4551 and 8856?
123
What is the greatest common factor of 2089036 and 4?
4
What is the highest common divisor of 3515616 and 39?
39
Calculate the greatest common factor of 8 and 18488.
8
What is the highest common divisor of 30564 and 3186?
54
Calculate the highest common divisor of 810 and 2132730.
810
Calculate the highest common factor of 44 and 115126.
22
Calculate the highest common factor of 1807 and 21047.
13
Calculate the greatest common divisor of 959010 and 3510.
390
What is the greatest common factor of 6 and 1382817?
3
Calculate the highest common factor of 11115 and 78.
39
Calculate the highest common factor of 1116 and 2916.
36
What is the highest common divisor of 981390 and 30?
30
Calculate the highest common divisor of 627 and 31559.
209
Calculate the highest common divisor of 1440 and 155.
5
Calculate the greatest common divisor of 144 and 124808.
8
What is the highest common factor of 3540168 and 216?
72
What is the highest common factor of 882 and 1422?
18
Calculate the highest common divisor of 456 and 366776.
152
Calculate the greatest common divisor of 239 and 9355177.
239
Calculate the highest common factor of 12 and 44706.
6
Calculate the highest common factor of 186 and 129022.
62
What is the greatest common divisor of 261 and 3075972?
87
Calculate the highest common divisor of 1560 and 17496.
24
What is the highest common divisor of 1442 and 97335?
721
What is the highest common factor of 31856 and 136836?
724
Calculate the highest common divisor of 3160 and 200.
40
Calculate the highest common divisor of 36 and 6282.
18
What is the highest common divisor of 95 and 154318?
19
What is the highest common divisor of 5207 and 19024?
41
What is the highest common divisor of 1724 and 2312?
4
What is the highest common divisor of 7809 and 3553?
19
Calculate the highest common divisor of 6794 and 89569.
43
Calculate the highest common factor of 64 and 17.
1
What is the highest common divisor of 21 and 3647?
7
What is the highest common factor of 40518 and 24?
6
Calculate the greatest common divisor of 982748 and 624.
52
Calculate the highest common factor of 340 and 4680.
20
Calculate the greatest common divisor of 303345 and 229635.
2835
Calculate the greatest common divisor of 46 and 15594.
46
What is the greatest common divisor of 118260 and 108?
108
What is the highest common divisor of 2673 and 6732?
99
What is the highest common factor of 9105 and 135?
15
Calculate the greatest common divisor of 11 and 109.
1
Calculate the greatest common factor of 532203 and 168.
21
What is the greatest common divisor of 2280 and 513285?
285
What is the highest common divisor of 1410 and 510?
30
What is the greatest common divisor of 172998 and 126?
126
What is the greatest common factor of 776010 and 60?
30
What is the highest common divisor of 119803 and 188?
47
Calculate the highest common factor of 167895 and 910.
455
Calculate the greatest common factor of 54 and 75246.
6
What is the greatest common factor of 99780 and 120?
60
What is the highest common divisor of 1592450 and 60?
10
What is the greatest common divisor of 8330 and 2450?
490
What is the greatest common factor of 227710 and 70?
70
What is the greatest common factor of 363 and 568821?
363
Calculate the greatest common divisor of 4 and 172022.
2
What is the greatest common divisor of 429 and 91962?
39
Calculate the greatest common divisor of 6760 and 906685.
845
What is the highest common divisor of 74 and 50098?
74
Calculate the greatest common divisor of 6488291 and 2337.
779
Calculate the greatest common factor of 46843 and 278.
139
Calculate the greatest common factor of 220 and 1295635.
55
What is the highest common factor of 6924 and 4?
4
What is the greatest common factor of 267 and 299841?
267
What is the highest common divisor of 1230861 and 615?
123
What is the highest common divisor of 20 and 9782080?
20
Calculate the highest common factor of 81442 and 86.
86
What is the highest common factor of 58 and 18721?
1
Calculate the greatest common divisor of 150 and 52710.
30
Calculate the highest common factor of 564 and 116748.
564
What is the greatest common factor of 402 and 38458?
134
Calculate the greatest common factor of 11058 and 17328.
114
What is the highest common divisor of 32805 and 63?
9
Calculate the highest common factor of 433654 and 3380.
338
What is the highest common factor of 71838 and 338?
26
Calculate the highest common factor of 574938 and 52.
26
Calculate the greatest common divisor of 68280 and 9600.
120
What is the highest common divisor of 11118 and 9078?
102
Calculate the greatest common divisor of 104 and 299624.
104
What is the greatest common factor of 484 and 4334?
22
What is the greatest common factor of 666 and 192807?
333
What is the greatest common divisor of 7327960 and 1097?
1097
Calculate the greatest common divisor of 51939 and 116.
29
What is the greatest common divisor of 7104 and 4144?
592
What is the greatest common factor of 252 and 1236186?
126
Calculate the highest common factor of 279 and 30101.
31
What is the greatest common divisor of 853 and 21?
1
What is the highest common divisor of 13764 and 45198?
186
Calculate the greatest common divisor of 184 and 608.
8
Calculate the highest common factor of 148 and 30266.
74
What is the greatest common divisor of 3 and 16917?
3
Calculate the greatest common divisor of 2012586 and 2636.
1318
What is the greatest common divisor of 290 and 258854?
58
Calculate the highest common divisor of 555 and 335035.
185
What is the greatest common factor of 1026 and 12825?
513
Calculate the greatest common divisor of 318 and 2317478.
106
Calculate the greatest common factor of 9427152 and 28.
28
What is the greatest common divisor of 5 and 1329805?
5
Calculate the greatest common divisor of 1313 and 221.
13
What is the greatest common factor of 248 and 64?
8
Calculate the highest common divisor of 257129 and 3890.
389
What is the greatest common factor of 9345 and 3210?
15
Calculate the highest common factor of 11 and 1052535.
11
Calculate the greatest common factor of 12772 and 372.
124
Calculate the greatest common factor of 116 and 22069.
29
What is the highest common divisor of 2225 and 1225?
25
What is the greatest common factor of 324 and 1092366?
162
Calculate the greatest common divisor of 619960 and 220.
220
What is the greatest common divisor of 1846 and 840853?
923
What is the highest common factor of 8132 and 5853007?
2033
Calculate the greatest common factor of 989 and 1118.
43
Calculate the greatest common divisor of 115121 and 49932.
1387
What is the highest common factor of 273669 and 209?
11
What is the highest common factor of 216528 and 120?
24
Calculate the greatest common factor of 26 and 126386.
26
Calculate the highest common divisor of 187880 and 528.
88
What is the greatest common factor of 2596 and 327391?
59
Calculate the greatest common factor of 8988 and 23540.
428
What is the highest common factor of 267109 and 655?
131
What is the highest common factor of 7657 and 6851?
403
Calculate the highest common factor of 215 and 158885.
215
What is the highest common factor of 4947 and 61983?
291
Calculate the greatest common factor of 2394912 and 104.
104
What is the highest common divisor of 26 and 7396?
2
What is the highest common factor of 99 and 204567?
33
Calculate the greatest common divisor of 135 and 219645.
135
What is the greatest common divisor of 24563 and 164318?
847
Calculate the greatest common divisor of 39517 and 1032.
43
Calculate the greatest common divisor of 3419334 and 162.
162
Calculate the greatest common factor of 496 and 1190896.
496
Calculate the greatest common divisor of 50721 and 29.
29
Calculate the highest common divisor of 1780 and 35244.
356
What is the greatest common factor of 593780 and 100?
20
What is the highest common divisor of 3777 and 96?
3
What is the highest common divisor